{"id":770,"date":"2018-08-30T13:11:25","date_gmt":"2018-08-30T16:11:25","guid":{"rendered":"https:\/\/iesrodolfowalsh-cha.infd.edu.ar\/sitio\/tecnicaturas\/"},"modified":"2024-10-25T12:03:36","modified_gmt":"2024-10-25T15:03:36","slug":"ofertaacademica","status":"publish","type":"page","link":"https:\/\/iesrodolfowalsh-cha.infd.edu.ar\/sitio\/ofertaacademica\/","title":{"rendered":""},"content":{"rendered":"\n<p><strong>Todas nuestras carreras son p\u00fablicas, gratuitas, con t\u00edtulos oficiales y de validez nacional.<\/strong> Las modalidades de cursado pueden ser presenciales, semipresenciales o bimodales. Consultar por Post\u00edtulos y cursos disponibles.<\/p>\n\n\n\n<p>Las sedes de cursado pueden variar. La TS en Resoluci\u00f3n Pac\u00edfica de Conflictos se dicta en la Univ. Tecnol\u00f3gica Nacional Facultad Regional Resistencia (French 414). La TS en Comunicaci\u00f3n Social en modalidad Contexto de Encierro se dicta en el Complejo Penitenciario N\u00b01 de Resistencia (Ruta Nacional 11 y Calle Ushuaia, Villa Barber\u00e1n). Y la TS en Locuci\u00f3n Integral para Radio y TV se dicta en la sede de Puerto Tirol (Museo Hist\u00f3rico Municipal). El resto de las TS se cursan en la sede Resistencia (Echeverr\u00eda 784).<\/p>\n\n\n\n<p><\/p>\n","protected":false},"excerpt":{"rendered":"<p>Todas nuestras carreras son p\u00fablicas, gratuitas, con t\u00edtulos oficiales y de validez nacional. Las modalidades de cursado pueden ser presenciales, semipresenciales o bimodales. Consultar por Post\u00edtulos y cursos disponibles. Las sedes de cursado pueden variar. La TS en Resoluci\u00f3n Pac\u00edfica de Conflictos se dicta en la Univ. Tecnol\u00f3gica Nacional Facultad Regional Resistencia (French 414). La &#8230; <a title=\"\" class=\"read-more\" href=\"https:\/\/iesrodolfowalsh-cha.infd.edu.ar\/sitio\/ofertaacademica\/\" aria-label=\"More on \">[+]<\/a><\/p>\n","protected":false},"author":7207,"featured_media":0,"parent":0,"menu_order":0,"comment_status":"closed","ping_status":"closed","template":"","meta":[],"acf":[],"_links":{"self":[{"href":"https:\/\/iesrodolfowalsh-cha.infd.edu.ar\/sitio\/wp-json\/wp\/v2\/pages\/770"}],"collection":[{"href":"https:\/\/iesrodolfowalsh-cha.infd.edu.ar\/sitio\/wp-json\/wp\/v2\/pages"}],"about":[{"href":"https:\/\/iesrodolfowalsh-cha.infd.edu.ar\/sitio\/wp-json\/wp\/v2\/types\/page"}],"author":[{"embeddable":true,"href":"https:\/\/iesrodolfowalsh-cha.infd.edu.ar\/sitio\/wp-json\/wp\/v2\/users\/7207"}],"replies":[{"embeddable":true,"href":"https:\/\/iesrodolfowalsh-cha.infd.edu.ar\/sitio\/wp-json\/wp\/v2\/comments?post=770"}],"version-history":[{"count":16,"href":"https:\/\/iesrodolfowalsh-cha.infd.edu.ar\/sitio\/wp-json\/wp\/v2\/pages\/770\/revisions"}],"predecessor-version":[{"id":3839,"href":"https:\/\/iesrodolfowalsh-cha.infd.edu.ar\/sitio\/wp-json\/wp\/v2\/pages\/770\/revisions\/3839"}],"wp:attachment":[{"href":"https:\/\/iesrodolfowalsh-cha.infd.edu.ar\/sitio\/wp-json\/wp\/v2\/media?parent=770"}],"curies":[{"name":"wp","href":"https:\/\/api.w.org\/{rel}","templated":true}]}}