{"id":3148,"date":"2024-05-10T20:43:35","date_gmt":"2024-05-10T23:43:35","guid":{"rendered":"https:\/\/iesrodolfowalsh-cha.infd.edu.ar\/sitio\/?page_id=3148"},"modified":"2025-12-18T21:37:03","modified_gmt":"2025-12-19T00:37:03","slug":"locucion-integral-para-radio-y-television","status":"publish","type":"page","link":"https:\/\/iesrodolfowalsh-cha.infd.edu.ar\/sitio\/locucion-integral-para-radio-y-television\/","title":{"rendered":"Locuci\u00f3n Integral para Radio y Televisi\u00f3n"},"content":{"rendered":"\n<p><strong>\u00bfDe qu\u00e9 se trata?<\/strong><br>El mundo de la comunicaci\u00f3n audiovisual est\u00e1 asistiendo a cambios producidos por la multiplicaci\u00f3n de plataformas desde donde se comunica, por la diversificaci\u00f3n en el tipo de productos comunicacionales y por su orientaci\u00f3n a diferentes audiencias. El rol de la locutora y del locutor se ve, entonces, ampliado de acuerdo con el proyecto al que se vincule dentro de este significativo espacio comunicacional.<\/p>\n\n\n\n<p><strong>\u00bfQu\u00e9 salida laboral tiene?<\/strong><br>El Locutor Integral para Radio y TV estar\u00e1 capacitado para:<\/p>\n\n\n\n<ul>\n<li>Construir textos sonoros y audiovisuales y crear estilos personales de comunicaci\u00f3n<\/li>\n\n\n\n<li>Presentar, conducir programas y efectuar enlaces de continuidad en la programaci\u00f3n de radio, televisi\u00f3n, productos audiovisuales y multimedia<\/li>\n\n\n\n<li>Difundir textos comerciales, informativos, art\u00edsticos y publicitarios<\/li>\n\n\n\n<li>Realizar la locuci\u00f3n de eventos protocolares y promocionales<\/li>\n\n\n\n<li>Realizar la selecci\u00f3n de noticias, redacci\u00f3n, edici\u00f3n y locuci\u00f3n de Noticieros<\/li>\n\n\n\n<li>Desempe\u00f1arse como actores de doblaje en todo tipo de producciones audiovisuales<\/li>\n\n\n\n<li>Participar en el dise\u00f1o y generaci\u00f3n de producciones audiovisuales en el marco de un trabajo interdisciplinario<\/li>\n\n\n\n<li>Desarrollar su actividad profesional con una actitud \u00e9tica en el sector privado, comunitario, social y p\u00fablico.<\/li>\n<\/ul>\n\n\n\n<p><strong>Modalidades de cursado<\/strong><br><em>Presencial:<\/em> asistencia con posibilidad de promoci\u00f3n de los espacios curriculares que as\u00ed lo permitan.<\/p>\n\n\n\n<hr class=\"wp-block-separator has-alpha-channel-opacity\"\/>\n\n\n\n<p><strong>Plan de Estudios<\/strong><\/p>\n\n\n\n<figure class=\"wp-block-table\"><table><tbody><tr><td>PRIMER A\u00d1O<br>1.Locuci\u00f3n I<br>2.Pr\u00e1ctica Integral de Televisi\u00f3n I<br>3.Pr\u00e1ctica Integral de Radio I<br>4.Foniatr\u00eda I<br>5.Historia I<br>6.M\u00fasica<br>7.Tecnolog\u00eda I e Inform\u00e1tica<br>8.Expresi\u00f3n Oral y Escrita<br>9.Teor\u00edas de la Comunicaci\u00f3n<br>10.Franc\u00e9s<br>11.Ingl\u00e9s<br>12.Expresi\u00f3n Corporal<\/td><td>SEGUNDO A\u00d1O<br>13.Locuci\u00f3n II<br>14.Pr\u00e1ctica Integral de Televisi\u00f3n II<br>15.Pr\u00e1ctica Integral de Radio II<br>16.Foniatr\u00eda II<br>17.Historia II<br>18.Principios de Est\u00e9tica e Historia del Arte<br>19.Investigaci\u00f3n y Redacci\u00f3n Period\u00edstica<br>20.Literatura<br>21.Italiano<br>22.Publicidad<br>23.Tecnolog\u00eda II<br>24.Taller de Libretos y Guiones<\/td><td>TERCER A\u00d1O<br>25.Locuci\u00f3n III (oratoria y doblaje)<br>26.Pr\u00e1ctica Integral de Televisi\u00f3n III<br>27.Pr\u00e1ctica Integral de Radio III<br>28.Foniatr\u00eda III<br>29.R\u00e9gimen Legal de radiodifusi\u00f3n y \u00c9tica Profesional<br>30.Alem\u00e1n<br>31.Portugu\u00e9s<br>32.Planificaci\u00f3n y Gesti\u00f3n de Medios<br>33.Sociolog\u00eda<\/td><\/tr><\/tbody><\/table><\/figure>\n\n\n\n<p><a href=\"https:\/\/drive.google.com\/file\/d\/1TEERFAZJU1YQklyaNsbtDpPlyqu_r1dx\/view?usp=drivesdk\" target=\"_blank\" rel=\"noreferrer noopener\">Resoluci\u00f3n oficial<\/a><\/p>\n","protected":false},"excerpt":{"rendered":"<p>\u00bfDe qu\u00e9 se trata?El mundo de la comunicaci\u00f3n audiovisual est\u00e1 asistiendo a cambios producidos por la multiplicaci\u00f3n de plataformas desde donde se comunica, por la diversificaci\u00f3n en el tipo de productos comunicacionales y por su orientaci\u00f3n a diferentes audiencias. El rol de la locutora y del locutor se ve, entonces, ampliado de acuerdo con el &#8230; <a title=\"Locuci\u00f3n Integral para Radio y Televisi\u00f3n\" class=\"read-more\" href=\"https:\/\/iesrodolfowalsh-cha.infd.edu.ar\/sitio\/locucion-integral-para-radio-y-television\/\" aria-label=\"More on Locuci\u00f3n Integral para Radio y Televisi\u00f3n\">[+]<\/a><\/p>\n","protected":false},"author":17906,"featured_media":0,"parent":0,"menu_order":0,"comment_status":"closed","ping_status":"closed","template":"","meta":[],"acf":[],"_links":{"self":[{"href":"https:\/\/iesrodolfowalsh-cha.infd.edu.ar\/sitio\/wp-json\/wp\/v2\/pages\/3148"}],"collection":[{"href":"https:\/\/iesrodolfowalsh-cha.infd.edu.ar\/sitio\/wp-json\/wp\/v2\/pages"}],"about":[{"href":"https:\/\/iesrodolfowalsh-cha.infd.edu.ar\/sitio\/wp-json\/wp\/v2\/types\/page"}],"author":[{"embeddable":true,"href":"https:\/\/iesrodolfowalsh-cha.infd.edu.ar\/sitio\/wp-json\/wp\/v2\/users\/17906"}],"replies":[{"embeddable":true,"href":"https:\/\/iesrodolfowalsh-cha.infd.edu.ar\/sitio\/wp-json\/wp\/v2\/comments?post=3148"}],"version-history":[{"count":4,"href":"https:\/\/iesrodolfowalsh-cha.infd.edu.ar\/sitio\/wp-json\/wp\/v2\/pages\/3148\/revisions"}],"predecessor-version":[{"id":4216,"href":"https:\/\/iesrodolfowalsh-cha.infd.edu.ar\/sitio\/wp-json\/wp\/v2\/pages\/3148\/revisions\/4216"}],"wp:attachment":[{"href":"https:\/\/iesrodolfowalsh-cha.infd.edu.ar\/sitio\/wp-json\/wp\/v2\/media?parent=3148"}],"curies":[{"name":"wp","href":"https:\/\/api.w.org\/{rel}","templated":true}]}}